*2/2 - 28*p + 5. Let l be k(-19). What is the greatest common factor of l and 11?
11
Let l = -413 + 423. What is the highest common factor of 8 and l?
2
Let f = 982 - 970. What is the highest common factor of f and 6?
6
Suppose -3*s + 2*r - r + 214 = 0, 4*s + 5*r = 298. Calculate the greatest common divisor of 8 and s.
8
Let t(n) = 1. Let w(y) = 13 + 0*y - y + 7. Let d(g) = -3*t(g) + w(g). Let o be d(12). What is the greatest common divisor of o and 10?
5
Let b = 7 - 4. Suppose -5*s - 93 = -3*x - s, 4*s + 12 = 0. Calculate the highest common divisor of x and b.
3
Let f = -220 - -164. Let i = f - -112. Suppose -k = -4*v - 14, 3*k - 3*v - 30 - 12 = 0. Calculate the greatest common factor of k and i.
14
Let u(r) = -r**2 + 17*r - 10. Let j be -5*(1 + 0)/(-1). Let w be u(j). What is the highest common factor of w and 10?
10
Suppose -3*a + 6*a - h - 29 = 0, -3*a + 25 = -5*h. Suppose -128 = -a*j + 6*j. Calculate the greatest common divisor of 4 and j.
4
Suppose 2*j - 5*b = 5*j - 11, j + 2*b = 4. Suppose 0 = x + 2*x - 5*i - 25, -38 = -4*x + j*i. Calculate the highest common divisor of 4 and x.
2
Let d = -302 + 500. Suppose 21 = -4*x + 93. What is the highest common factor of d and x?
18
Let k = -311 - -209. Let m = k + 110. What is the greatest common divisor of m and 20?
4
Suppose -272 + 632 = 6*c. What is the greatest common divisor of c and 40?
20
Let t be 426/10 + 15/(-25). Suppose -2*f = -4, -f + 8 + t = 3*n. Calculate the highest common factor of 24 and n.
8
Suppose -k + 14 + 12 = 0. Suppose -7*b - 12 = -26. Calculate the greatest common divisor of b and k.
2
Let k = 287 + -63. Suppose k = 2*t - 0*t. Let z = 103 - 87. What is the greatest common factor of t and z?
16
Let o(x) = -24*x + 7. Let c be o(-5). Let k = -66 + 130. Let a = c - k. What is the highest common divisor of a and 7?
7
Let w be ((-1)/1)/(10/650). Let l = w + 95. Calculate the highest common divisor of 45 and l.
15
Let i be (8 - 9) + (-2 + 22)/2. Let u be (2 - -2)/(-2 - (-19)/i). Calculate the highest common factor of 27 and u.
9
Suppose x = -4*z + 222, -4*x - 5*z = 165 - 987. Let l(c) = -33*c. Let n be l(-1). What is the highest common factor of n and x?
33
Suppose -4*h - 4*y + 32 = 0, 9 = -4*h + 2*h + 3*y. Suppose -h*b = -45 - 39. Suppose b = 2*q - 4. Calculate the greatest common factor of 40 and q.
8
Let a be (-5 + (-24)/40)/((-1)/10). Calculate the highest common factor of 8 and a.
8
Suppose -t - 2*j = -38, -j - 134 = -3*t + 3*j. Suppose 42 = -t*k + 44*k. Calculate the highest common factor of 7 and k.
7
Let g = -1170 - -2644. What is the greatest common factor of 22 and g?
22
Suppose -5*s + 2*t + t - 1083 = 0, s = -2*t - 214. Let r = 392 + s. What is the highest common factor of r and 22?
22
Let p = 18 - 3. Let s(z) = -2*z - 1. Suppose -15 = -5*n - 5*j, 2*n - n - 13 = -3*j. Let l be s(n). What is the highest common divisor of l and p?
3
Let q(j) be the second derivative of -j**3/6 - j**2 + 2*j. Let i be q(6). Let r = 18 + i. What is the highest common factor of r and 20?
10
Suppose -51 - 92 = -b. What is the greatest common divisor of b and 13?
13
Suppose -2*m + 97 + 29 = 0. Suppose c + 93 = 3*s, 0*c + 155 = 5*s + 3*c. Let t = s + -24. What is the highest common divisor of m and t?
7
Let p = -20 + 31. Suppose -8 = -4*s + 36. What is the greatest common factor of s and p?
11
Let f(h) = h**3 - 12*h**2 + 3*h - 23. Let n be f(12). Suppose -76 = -x + 67. Calculate the greatest common factor of x and n.
13
Let g(b) = 5*b - 9. Let l be g(-3). Let x = l - -32. Let z be 28 - (-3)/((-6)/x). What is the highest common divisor of z and 192?
24
Suppose 4*t - 515 = 3*q, 0 = 4*t + 26*q - 22*q - 508. Calculate the highest common divisor of t and 96.
32
Suppose p = -0*p - 39. Let y = -30 - -6. Let o = y - p. Calculate the greatest common factor of 120 and o.
15
Suppose -5*a - 47 = -3*h, -22 = 2*h + 2*a - 32. Calculate the highest common factor of 5 and h.
1
Suppose 0 = 19*t - 16*t - 390. Calculate the highest common factor of t and 10.
10
Let u(j) = -j**2 - 9*j + 10. Let d be u(-10). Let t be (-1 - d)*(-6 - -3). Suppose 30 = 5*n - t*n. Calculate the greatest common divisor of 45 and n.
15
Let c(t) = -t + 64. Let o be c(0). Suppose 638*i = 639*i + 46. Let h = o + i. What is the highest common divisor of 90 and h?
18
Let k be (-4)/(-10) + 2026/10. Let r = -376 + 405. Calculate the greatest common divisor of r and k.
29
Suppose 24 = -o + 3*o. Suppose 5*x - 12 = 48. Suppose 3*g + g = x. What is the highest common factor of g and o?
3
Let g(q) = -3*q**2 - 2*q - 4. Let x be g(-2). Let f be -3*(3 + 104/x). Calculate the greatest common factor of 17 and f.
17
Let p be 2/7 - 498/(-21). Let t(v) be the first derivative of v**4/4 + v**2/2 + 60*v - 4. Let r be t(0). Calculate the greatest common divisor of r and p.
12
Let l be ((0/1)/2)/(-1). Suppose l = p - 0*p - 9. What is the greatest common divisor of p and 9?
9
Let t be 1/(-5) - 33/(-30)*2. Let g be t - 0 - -1 - (-145 + 3). Calculate the highest common divisor of g and 58.
29
Let p be (-5280)/(-216) + 8/(-18). Calculate the greatest common factor of 96 and p.
24
Let s(w) = -2*w**2 - 4*w**2 - 5 - w - w**2 - 3*w**2. Let j be s(3). Let i be (2/4)/((-7)/j). Calculate the highest common divisor of i and 77.
7
Let q = 211 + -209. Calculate the greatest common divisor of q and 19.
1
Let l = 381 - 363. What is the greatest common divisor of l and 99?
9
Suppose -z = -4*z - w + 4, -w - 2 = 0. Suppose 8*i = 10*i - 3*c - 15, 0 = i + 4*c - z. What is the greatest common divisor of 2 and i?
2
Let i = -4 + 9. Let r be (i + -3 + -1)*11. Let v = 301 - 213. What is the greatest common factor of r and v?
11
Let h = 725 + -718. What is the greatest common factor of 2100 and h?
7
Let j = -46 - -58. Suppose 2*r = -16 + 112. What is the greatest common factor of j and r?
12
Let d(q) = -4*q - 52. Suppose 2*h + 24 = 4*f, -4*h - 77 + 7 = 3*f. Let y be d(h). Calculate the highest common divisor of 2 and y.
2
Let k(i) = -i**3 + 6*i**2 + 6*i - 3. Let f be k(7). Let o = 3 + f. Let s(h) = -h**2 - 7*h + 3. Let r be s(o). What is the greatest common factor of 30 and r?
3
Suppose 92 = -p - 66. Let n = p - -266. What is the greatest common divisor of n and 12?
12
Let g(y) be the second derivative of -y**5/20 + 11*y**4/12 + 13*y**3/3 + 12*y**2 - 14*y. Let d be g(12). What is the highest common factor of d and 24?
24
Suppose k - 610 = -5*v - 0*k, 0 = 2*v + 5*k - 267. What is the highest common factor of 55 and v?
11
Let z(r) = -r**2 - 4*r + 6. Let m be z(-6). Let n(d) = -d**2 - d + 6. Let a be n(m). Let s = 84 - a. What is the highest common factor of 12 and s?
12
Let n be (-3 - -3) + 3 - -61. Calculate the greatest common divisor of n and 64.
64
Let i = -1413 + 1543. Calculate the highest common divisor of i and 80.
10
Let s be 33 + (1/2)/(6/(-12)). What is the greatest common divisor of s and 4?
4
Let o(p) = -13*p + 3*p**2 + 4*p + p**2 - 2 - 2*p**2. Let n be o(7). What is the greatest common factor of 3 and n?
3
Let g(i) = 13*i**3 + i**2 - 2*i + 2. Let d be g(1). Suppose 18*t + 35 = 19*t. Calculate the highest common divisor of t and d.
7
Let p = 435 - 294. Suppose 3*w - 3*i - 12 = 0, w - 4*i = i - 8. Suppose -p = -w*x + 174. What is the highest common factor of x and 5?
5
Suppose -5*a + 0*a = 120. Let w be 8/a - 62/(-6). Calculate the greatest common factor of w and 10.
10
Suppose 3604 = 36*y + 32*y. Calculate the greatest common factor of 212 and y.
53
Let l(p) = p**3 - 17*p**2 - 14*p + 27. Let u be l(18). Calculate the highest common divisor of 6 and u.
3
Suppose 3*h - 666 = -2*m, -m + 2*m + 899 = 4*h. What is the greatest common factor of h and 56?
56
Let c(n) = -n**2 - 3*n - 12. Let r be c(6). Let s = r + 100. Calculate the highest common factor of s and 34.
34
Let f = -1263 - -1627. Calculate the highest common factor of 260 and f.
52
Let w(i) = -3*i**2 - 11*i + 1. Let o(k) = 4*k**2 + 11*k. Let s(y) = 2*o(y) + 3*w(y). Let g be s(-5). Calculate the highest common divisor of 3 and g.
3
Let v(a) = a**2 - 3*a - 6. Let b be v(14). Suppose -b = -4*j + 3*n, n - 61 - 3 = -2*j. What is the highest common divisor of 51 and j?
17
Let o = 1999 - 1838. Calculate the greatest common factor of o and 63.
7
Let y(c) = 9*c - 1. Suppose 3*p - 21 = 6*p. Let f be (-1)/(4 + p - -2). Let d be 